-4 + (3 - -3 - 1) + -4
-3
Evaluate -11 + (9 + -7 - -4).
-5
What is 33 - 27 - (3 - (2 + -1))?
4
(38 - 41 - (-15 - 1)) + -6
7
Calculate -4 - (-4 - (5 - 8)).
-3
Calculate -3 + (1 - 2) + 5 - 0.
1
Evaluate 1 - (-4 - -4) - (2 - -1).
-2
Calculate (2 - -5) + -4 + -6.
-3
Calculate (-8 - -1) + -6 + 12.
-1
4 - (1 + (3 - 1) + 0)
1
Evaluate 1 - 0 - (2 + -3).
2
What is 0 + -5 + 2 + (15 - 10)?
2
-7 + -3 + 4 + 3
-3
What is the value of -12 - (1 - (2 + -1 - -4))?
-8
What is the value of 3 + -4 - (4 - (3 - 2))?
-4
Evaluate 4 - (5 - (4 + -5)).
-2
-5 + (3 + 0 - (-1 + 0))
-1
What is 2 - (-1 + -7 - -13)?
-3
Evaluate (5 - (2 + 2) - 4) + 1.
-2
-2 + -3 - (-9 + -1 - 0)
5
What is 1 - 3 - (13 - (20 + -8))?
-3
Calculate -1 - (-1 + 10 + -7).
-3
What is the value of 5 + -1 + 3 - 12?
-5
What is 0 - -1 - (73 + -69)?
-3
(1 - -3) + (-14 - 2 - -4)
-8
-2 + 2 - (22 - 13)
-9
Evaluate -1 + 5 + -6 + -2 + 4.
0
What is 13 - 17 - (-2 - 3)?
1
Calculate (-3 - (-5 + 5)) + (1 - 2).
-4
What is the value of 7 + (-1 - -2) + (-15 - -9)?
2
What is the value of -1 - 0 - (1 + -3 - -3)?
-2
(1 + -3 - (-1 + -3)) + 2
4
What is -9 + 14 - (12 + 0 + 3)?
-10
What is the value of 9 - 0 - (6 + 0)?
3
(3 - 3 - 1) + 0
-1
Evaluate -2 - 0 - (19 + -18).
-3
What is the value of -1 + 3 + -5 + -3 + 3?
-3
What is the value of -4 + (-2 - -2) + -1 - 0?
-5
What is the value of -22 + 16 + 6 + 1?
1
Evaluate -13 + 6 + -3 + 8 + 0.
-2
Evaluate -2 + 5 + -6 - (1 + -3).
-1
Calculate 1 + 0 - (7 + -6).
0
Calculate -9 + 6 + 3 + 2.
2
What is -2 + -6 - -13 - 6?
-1
Calculate -6 + (-2 - -6 - -6).
4
What is 4 - ((-18 - -22) + (-6 - -1))?
5
Calculate -5 - -1 - (8 - (-13 + 28)).
3
What is -4 - (-6 - -6 - 6)?
2
What is the value of 4 - (-3 - -4) - (0 + 5)?
-2
What is (-2 - -11 - 8) + (-3 - -3)?
1
Calculate -2 - ((2 - (-5 - -4)) + -2).
-3
Calculate -3 + (10 - 2) + -5 + -6.
-6
Evaluate -9 + 3 - (-2 + (-1 - -1)).
-4
Calculate -11 + 6 + 8 + -7.
-4
Calculate 3 - (-3 + 4 - 1).
3
Evaluate 2 + (-4 - -2) + -3.
-3
What is the value of (1 - (-14 - -6)) + -8?
1
Calculate 1 - (-2 + (1 - -3)) - -4.
3
1 + 6 + 8 + -11 + -8
-4
Evaluate -82 + 82 + (1 - 11).
-10
What is -4 + (6 - (2 - 1))?
1
What is 14 - 21 - -16 - -1?
10
Calculate 1 + (-6 - 6) + 13.
2
Calculate -2 + 3 + 5 + -3.
3
What is (1 - 11) + 7 + 0?
-3
What is 0 - ((6 - -2) + -13)?
5
What is 4 - (2 + -12 + 7 + 4)?
3
Calculate (2 - 1) + 1 + (143 - 152).
-7
Calculate 3 - (2 + 4 + 0).
-3
What is -9 - (3 - 32 - -11)?
9
What is 76 + -71 + (2 + 0 - 5)?
2
Evaluate -3 + (-2 - -10 - (14 + -11)).
2
What is 4 + 0 + 0 - 5?
-1
What is (-10 - (-22 - -5)) + 1?
8
Evaluate 0 - 4 - (81 + -80).
-5
Evaluate 2 - (-7 - -21) - (-5 - 0).
-7
22 - (20 + -11) - 3
10
Calculate -2 + -1 + (2 - 1).
-2
What is the value of (-1 - 4) + 11 + (-22 - -11)?
-5
Evaluate -6 + (0 + -7 - -8).
-5
What is -1 + (-14 - (-19 - -10))?
-6
What is the value of -30 + 19 + 18 - (13 + 0)?
-6
(-3 - -2 - -3) + 2
4
-4 - (-4 + 2 + 0 + -1)
-1
Calculate 5 + (0 - 21 - -9).
-7
4 - ((4 - 4) + 6 - 8)
6
What is the value of -20 + 17 + -4 + 3?
-4
Calculate -6 + (-1 - (-5 + 3)).
-5
Evaluate -2 + -1 + 1 + (18 - 18).
-2
Calculate (65 - 53) + 1 + -3 - 7.
3
What is 0 + 1 + -7 + 7 - 4?
-3
What is (1 - -4) + (9 - (10 - 0))?
4
Calculate -1 - -8 - 0 - (-365 - -377).
-5
What is the value of -4 + 1 + (-2 + 4 - 4)?
-5
-4 - (-10 + -1 - -3) - 4
0
Evaluate -4 + (0 - 2) + (32 - 29).
-3
Evaluate 6 + -9 + (13 - 2).
8
Evaluate 1 - (6 - (6 + -5 + -1)).
-5
What is (0 - -2 - 7) + 0?
-5
Calculate (1 + -2 - 1) + 45 + -37.
6
What is the value of -13 + (-7 - -15) + 0 + 7?
2
Calculate 0 + (6 - 9 - -5).
2
What is the value of (12 - 1) + 0 - (10 + -5)?
6
Evaluate -2 - -3 - (0 + 0).
1
(2 - 1 - -1) + -3 - -5
4
What is the value of (6 - 9 - -8) + (-4 - -1)?
2
23 - 20 - (-1 - -3)
1
Evaluate 4 - (7 - -3 - 1).
-5
Evaluate (-4 - 0) + 6 + 1.
3
Calculate 9 + -22 + (-1 - -16).
2
What is (4 + -4 - -2) + 1?
3
Evaluate -5 - (5 - 13) - 5.
-2
What is the value of -3 + 0 - (16 + -14)?
-5
What is the value of -14 + 22 - (4 + 0) - -1?
5
What is (3 + -2 - 2) + (-1 - -4)?
2
What is 3 + -6 + (3 - (1 + -1))?
0
Evaluate 0 + (0 + -1 - -4).
3
Calculate (-7 - 0) + 8 + (-5 - -1).
-3
What is the value of (-12 + -11 - -5) + 10?
-8
Calculate -3 + (0 - 1) + 4 - 5.
-5
Calculate -8 + 11 + -16 + 18.
5
Evaluate -3 - ((-1 - -1) + -1) - -7.
5
Calculate (2 - (1 - 3)) + (-60 - -59).
3
Evaluate 15 - 7 - (3 + 6).
-1
What is 6 + -3 - (-1 + 0)?
4
What is 10 - (5 + 15) - -13?
3
Calculate 11 - (-4 + 2 + 7).
6
2 + (-12 - -1) + 8
-1
What is (4 - 5) + -5 - -6?
0
What is the value of 7 + -5 + -16 + 11?
-3
Calculate -1 + (2 - 2) + 6.
5
Evaluate 3 + 5 + -13 - (2 - 9).
2
Calculate -2 + 5 - (-3 + 7).
-1
Evaluate 2 + (10 - 6) + 0 + -2.
4
Evaluate (4 - 0) + -2 - 8.
-6
Calculate 1 + (-2 - 1) + 2.
0
Calculate (-1 - 4) + 8 + -11 + 2.
-6
What is the value of -16 - -24 - (4 + 1)?
3
1 - (-1 + 3) - (1 + -6)
4
Evaluate -4 - (-4 - (-4 - 2 - -6)).
0
Calculate 4 - ((4 - 1) + 9).
-8
Calculate 5 - (7 - (11 + -15)).
-6
Evaluate -8 + 2 + -10 + 9.
-7
What is (-21 - -15) + 4 + 1 + -2?
-3
2 + -2 + (8 - 4)
4
What is the value of (1 - -4) + (-21 - (6 - 17))?
-5
1 - (-3 - (-1 + -5))
-2
What is the value of 1 + (2 - (5 + 2))?
-4
What is the value of 3 - 3 - -1 - 2?
-1
What is the value of -12 + ((7 - 19) + 7 - -12)?
-5
Evaluate -3 - (-7 - (-8 - -4)).
0
Evaluate (-1 - -1) + (-9 - -4).
-5
3 - -1 - (4 + 3) - 1
-4
Calculate -4 + (16 - 11) - (1 - -1).
-1
What is -1 - (8 + (0 + -15 - -5))?
1
(-1 - -5) + (-13 - -12) + -1
2
1 + -2 - -4 - 2
1
Calculate 7 - (-2 + 5) - 4.
0
Evaluate -6 - (-1 + -11) - 2.
4
Calculate -3 + 4 + -5 - -8.
4
What is 4 - (-8 - (0 + -10 - -5))?
7
Evaluate 0 + 1 - (-9 + 14).
-4
15 + -13 + 0 + 0
2
Evaluate -11 + (-1 - -9) - -4.
1
-2 + 6 + 9 + -6
7
(-165 - -185) + (-12 - -1)
9
Evaluate 3 + 2 - (3 + -3 + 2).
3
Evaluate 0 + (0 - (-1 + 4)).
-3
Calculate (4 - -1) + (-4 - -2) + 3.
6
What is 2 + -2 + 6 + -4 + 0?
2
Evaluate -6 + -2 + 10 - -6.
8
What is 1 + -8 + (3 - -1)?
-3
Evaluate (26 - 18) + -11 + 1 + 0.
-2
Calculate -4 + 1 - (0 + (3 - 3)).
-3
What is 1 + (-5 - 1 - -5 - 0)?
0
What is the value of (23 - 23) + 0 + -2?
-2
Calculate (2 - (0 + 18 + -8)) + 13.
5
-14 + 16 - (8 - 0)
-6
Evaluate 24 - 26 - (-3 + 3).
-2
Evaluate (-1 + 4 - (-2 - -2)) + 2.
5
What is the value of 3 - ((-9 - -7) + 6)?
-1
(-15 - -17) + 2 + (2 - 1)
5
What is -3 + 1 - -7 - (-32 + 42)?
-5
What is the value of -1 + 6 + (4 - 3)?
6
What is the value of 0 - (1 + (2 - 2) + -3)?
2
0 - -2 - 1 - (-5 - -1)
5
What is -4 + 11 + -1 + 1 - 6?
1
1 + (2 - 4) + 1 - -1
1
What is 1 - 2 - 3 - (0 + -5)?
1
What is the value of (-7 + 4 - 9) + 6?
-6
What is (5 - -2 - 2) + -1 - 4?
0
6 - (-1 + -2) - 7
2
Calculate -13 + -3 - (2 + -8 - 1).
-9
What is the value of 0 + -7 + (-2 - -6)?
-3
What is the value of -2 + 1 - (3 + -1) - 0?
-3
-12 + 5 + 1 + 4 + -2
-4
What is the value of (-18 - -22) + -1 + -14?
-11
(8 + -7 + -6 - -18) + -5
8
What is -8 + (-5 - -20) - (13 + 1)?
-7
Evaluate 5 + -5 + (5 - 4).
1
What is 0 - (-8 + -2) - (6 + -1)?
5
Evaluate 3 - (-8 - (0 + -6)).
5
Calculate 4 + (-3 - 2) - (-1 + 2).
-2
Calculate -35 + 39 + 0 + -3 - -3.
4
(5 - (-6 + 5)) + -8
-2
-6 - -11 - (6 - -5)
-6
Calculate 0 - (3 - -2) - (-11 - -11).
-5
Calculate -2 + 8 - (-2 + 13).
-5
What is 0 + (70 + -68 - (1 - 3))?
4
Evaluate -1 + 3 - 4 - 2.
-4
Calculate (-5 - (-4 + 2)) + 11.
8
0 + 3 + (1 - 4) - -3
3
What is the value of 20 - (8 + 5 + -2)?
9
2 - (6 - -5) - -8
-1
Evaluate 3 - (3 - 4 - -2) - 7.
-5
What is -5 + (4 - 1) - 0?
-2
-3 - (0 + -2 + -2)
1
What is the value of 0 - 1 - (3 - 11 - -12)?
-5
What is the value of 14 + (0 - -7) + (-6 - 5)?
10
What is the value of -4 - (2 + -3 + (-2 - -1))?
-2
What is the value of 5 - (-1 + 3 - 1)?
4
What is -1 - (6 - (-1 + -1) - 8)?
-1
(4 - 3) + 4 - -4
9
What is the value of -1 + 3 + -3 + (-15 - -21)?
5
What is 406 + -390 + (-7 - (0 + 0))?
9
What is 5 + 0 + 1 + -7 + 5?
4
Calculate 3 + (-5 - (-4 + 0)).
2
What is -2 + -2 - -3 - 4?
-5
(-10 - (-21 + 6)) + 1 + -2
4
Evaluate -22 + 23 + -6 + 1 + 1.
-3
Evaluate 2 - (10 + -3 + 3 + -1).
-7
33 - 27 - (-2 + 1)
7
Evaluate 9 + -6 - (10 + 0 + -6).
-1
What is (3 - -2) + -3 - 6?
-4
Evaluate -62 - -60 - (-9 + -2).
9
What is the value of 2 + -2 + -4 + 5 + 0?
1
What is the value of (-2 - (-1 + 0)) + (-1 - -2)?
0
What is the value of 20 + -13 - ((16 - 2) + 0)?
-7
Calculate -5 - (-17 - (